Let q(g) be the first derivative of 1/2*g**2 - g - w. Give q(-3).
-4
Let w(d) = d + 23 - 43 + 0*d + 0*d + 22. Let k be (-141)/(-21) - 2/(-7). What is w(k)?
9
Suppose 0 = -3*n - 3*a + 3, -4*n + 10 = a + a. Let l(o) = 5*o - n - o + 2 - 2*o. Determine l(-2).
-6
Let i be (-5 - 12/(-3)) + 2 + -4. Let n(f) = -3*f**2 - 9*f - 5. What is n(i)?
-5
Let r(l) be the first derivative of l**5/40 + l**4/24 + 2*l**3/3 + 7. Let m(t) be the third derivative of r(t). Calculate m(-3).
-8
Let m(b) = 32*b - 11 - 65*b + 31*b. Calculate m(-5).
-1
Suppose -5*x - 5*s + 25 = 0, -3*x - s - 7 + 18 = 0. Let u(w) = -11*w + 6. Let c(m) = -6*m + 3. Let v(p) = -5*c(p) + 3*u(p). Calculate v(x).
-6
Let r(k) = k - 10. Let a be r(5). Let g(h) be the first derivative of 2*h**2 + 1 - 4*h - 4/3*h**3 - 1/4*h**4. Give g(a).
1
Suppose 0*v + 4 = -2*v - 2*m, 3*v + 2*m + 6 = 0. Let q = v + -2. Let i(u) be the first derivative of u**4/4 + 2*u**3 + 5*u**2/2 - 4*u - 2. Calculate i(q).
8
Let a(m) = -2*m - 9. Let n = 5 + -3. Suppose 7*l = n*l. Suppose -3*j - 4*d - 30 = 0, 0 = j - l*j + 2*d + 12. Calculate a(j).
3
Let w(o) = o - 18. Suppose -3*z = -4*n - 1, 62*z + 11 = 59*z + n. What is w(z)?
-23
Let l(z) be the first derivative of -z**4/4 + z**2 - 2*z + 25. Determine l(-3).
19
Let g(l) = 6*l**2 - 9*l - 5. Let c = 6 + -2. Suppose 0 = -3*b + c*b - 6. Let w(a) = 5*a**2 - 8*a - 4. Let v(o) = b*g(o) - 7*w(o). Calculate v(-2).
-2
Let i = -204 + 216. Let k(l) = -l + 4. Give k(i).
-8
Let b(u) = u**3 + u + 5. Let c = 38 - 22. Suppose -m - 4*m + 16 = -4*s, 0 = -5*m - 4*s - c. What is b(m)?
5
Suppose 2*w = 44 + 12. Let s be 21/6*16/w. Let x(a) = -2*a**3 - 6 - 2*a + 0 + a**3 - 5*a**s. Give x(-5).
4
Let b(a) = -a**3 - 4*a**2 - 2*a + 1. Let z(i) = 3*i**3 - i**2 - 5*i + 5. Let q be z(2). Let j = q + -18. Give b(j).
-2
Let z(p) = -p**2 + 5*p + 5. Let u(d) = -1. Let c(g) = -6*u(g) - 3*z(g). Let n(a) = -4*a**2 + 16*a + 8. Let y(k) = -5*c(k) - 4*n(k). What is y(-9)?
-5
Let r(m) = -m. Let k(x) = x**2 - 8*x + 19. Let l(q) = -k(q) - 3*r(q). Determine l(6).
11
Let w(s) = s**2 + 6. Let j(n) be the second derivative of n**5/20 - n**4/3 + 2*n**3/3 - 5*n**2/2 - n. Let u be j(4). Let v = u - 11. Determine w(v).
6
Suppose -9*b + 5 + 13 = 0. Let v(m) = -4 + m**b + 410*m - 200*m - 209*m. Calculate v(3).
8
Let r(y) = -4*y + 10. Let c(b) = 5*b - 15. Let m(k) = 2*c(k) + 3*r(k). Let j be ((-1)/2)/(2/(-12)). Let v be m(j). Let x(n) = -n**2 - 7*n. Calculate x(v).
6
Let n(w) be the first derivative of w**2/2 - 19*w - 695. Give n(21).
2
Let c(j) = 5*j**3 + 9*j**2 + j + 1. Let s = -27 + 32. Let k(y) = 6*y**3 + 10*y**2 + y + 2. Let q(x) = s*c(x) - 4*k(x). Determine q(-5).
-8
Let v(n) be the second derivative of 5*n**3/3 - n**2 - 70*n. What is v(-4)?
-42
Let a(v) = -2*v + 1. Let b(z) = 7*z - 2. Let h(p) = 17*a(p) + 6*b(p). Let m(t) = 2*t + 1. Let k(y) = -2*h(y) + 9*m(y). Determine k(2).
3
Let v(d) be the second derivative of d**6/360 + d**5/30 - 25*d**4/6 - 10*d. Let h(x) be the third derivative of v(x). Determine h(-4).
-4
Let d(k) = 6*k - 7. Let u(x) = x - 1. Suppose -4*z - 6 + 30 = 5*c, 3*c - 14 = -2*z. Let s(j) = z*d(j) - 4*u(j). Calculate s(-3).
-9
Let w(q) = 2*q - 6. Let a(h) = -h**3 + 4*h**2 + 6*h - 6. Let j be a(5). Let p be (-1 + 1 + -8)*j. Let x be 1/p + 195/40. Give w(x).
4
Let n(h) = -h - 186*h**3 - h**2 - 180*h**3 + 2 - h**2 + 365*h**3 - h**2. Calculate n(-3).
5
Suppose 7*j - 3*j = v + 11, -v = j + 6. Let u(z) = 2*z + 18. Let i(w) = -w - 7. Let r(d) = 8*i(d) + 3*u(d). Give r(v).
12
Let q(v) = -v**2 - 7*v - 5. Let b be 1*((-6)/(-2) - 3). Suppose -2*h = 2*r - 14, 0 = 5*r - 2*h - 18 - 31. Suppose -r*m + 4*m - 20 = b. What is q(m)?
7
Suppose t = 6 - 0. Let g(m) = 5*m**2 + 7 - 4*m**3 - 1 + 5*m + 3*m**3. What is g(t)?
0
Let b(x) be the first derivative of 11 - 3/2*x**2 - 2*x. Give b(3).
-11
Let i(z) = 6*z - 2. Let a be (3 + 2 + -6)*46/(-23). Determine i(a).
10
Let o(g) = -g**3 - 3*g**2 + 28*g. Let q be o(-7). Let p(a) be the first derivative of a**4/4 - a**3/3 + 2*a - 2. Determine p(q).
2
Let y(h) be the first derivative of -h**3 + 3*h**2 - 6*h - 75. What is y(4)?
-30
Let s(p) = 4*p - 14. Let l be s(9). Let g(a) = 4*a**2 - 3 + 8*a - l*a**3 + 8*a**3 + 13*a**3. What is g(5)?
12
Let i(c) = -c + 3. Let j = -77 + 75. Let a be 8/j - (-28)/7. Calculate i(a).
3
Let j(s) = 6*s**2 - s - 10. Let u(z) be the second derivative of -5*z**4/12 + 9*z**2/2 - 2*z. Let d(v) = -4*j(v) - 5*u(v). Calculate d(-6).
7
Let y(b) = b - 5. Let m(k) = -2. Let v(q) = -4*m(q) - y(q). What is v(0)?
13
Let y be ((-6)/(-5))/((-1)/(-5)). Let u = 13 + -11. Let a(t) = 0*t**u + t + 8*t**2 - t**3 + 0*t**3 - 2*t**2. Calculate a(y).
6
Let n(r) be the first derivative of -r**4/4 - 5*r**3/3 - 2*r**2 - 3*r + 1. Let i be (2/(-4))/((-1)/(-8))*1. Calculate n(i).
-3
Let d(j) = -j - 3. Let v be d(-5). Suppose 0 = c + n - v, -n + 0 = -4. Let p(y) = -y + 5. Let s(x) = 3*x - 11. Let i(k) = 9*p(k) + 4*s(k). What is i(c)?
-5
Let u(t) = 192 - 163 - t**3 + 4*t**2 - 29 - 2*t. Let l be -1*-1*(0 - -1). Let g be 0/(-2 + l) - -4. Calculate u(g).
-8
Suppose -3*a + 41 - 2 = 0. Suppose 0 = -3*d + a*d - 10. Let q(r) = 7*r - 1. Calculate q(d).
6
Let k(n) be the first derivative of 2*n**4 - n**2/2 - 11. Calculate k(1).
7
Let y(l) = -1. Let z(s) = -3. Let m(g) = 4*y(g) - z(g). Let c(n) = 4*n - 2. Let b(a) = c(a) - 3*m(a). What is b(2)?
9
Let u be 0/1 - (2 - 5). Let x(q) = -2*q + 2. Let y(k) = -6 + 3 + 3 + 1. Let i(d) = x(d) + 2*y(d). Give i(u).
-2
Let t(r) be the first derivative of -r**4/4 - 8*r**3/3 + 6*r**2 - 4*r - 223. What is t(-9)?
-31
Let l = 1 - -10. Let d = l - 7. Let k(g) = g**3 - 5*g**2 + 3*g + 5. Determine k(d).
1
Let m(u) be the second derivative of 0 - 1/2*u**3 + 1/2*u**2 + 13*u. Give m(-3).
10
Let w(t) = -t**2 + 4. Let n be w(2). Suppose 3*g = -n*g. Let d(m) = -m**3 + m**2 + m + 5. Determine d(g).
5
Let q(p) = -279*p**3 - 272*p**3 + 5*p - 1 + 0 - 3*p**2 + 550*p**3. What is q(-4)?
-5
Let d = 8 - 4. Let b(s) = 4*s**2 + 9*s + 1. Let x(w) be the second derivative of -w**4/12 - w**3/2 + 17*w. Let i(q) = 2*b(q) + 7*x(q). Give i(d).
6
Let u(l) = -l**2 - 4*l + 32. Let t be u(3). Let q(i) = 4*i - 31. Calculate q(t).
13
Let b(z) = -z**3 - 3*z**2 + 7*z + 5. Let f be b(-4). Let s(w) = -80 + 10*w + 90 - w**2 - 10*w - 5*w. Determine s(f).
-4
Let s be -50 + 50 + 4/6. Let g(b) be the first derivative of -1/2*b**2 + 2*b + 1/2*b**4 + s*b**3 - 4. Determine g(-2).
-4
Let t(f) = 4*f + 18. Let l be t(0). Let x = 32 - 19. Let p(k) = 3 - l*k - 1 + x*k. Calculate p(2).
-8
Let n(h) = -h**2 - 11*h + 2. Let f(q) = q**2 + 18*q + 36. Let u be f(-15). What is n(u)?
20
Suppose 6*d + 4*g = 3*d - 17, -2*d - 4*g - 14 = 0. Let j(w) = -6*w - 2. Calculate j(d).
16
Let p(n) = -n**3 - 12*n**2 - 26*n + 12. Let m be p(-9). Let d(h) = h**3 - 4*h**2 + 4. Give d(m).
-5
Let k be (-15)/(-2) + (-2)/4. Let j(a) be the first derivative of a**4/4 - 7*a**3/3 + a**2/2 + 1434. Give j(k).
7
Let o(i) be the first derivative of -1/2*i**2 + 1/3*i**3 + 25 - 4*i. Determine o(0).
-4
Let t(k) = -k**3 + 5*k**2 + k - 7. Let f = 811 + -806. Give t(f).
-2
Let f(o) = -7*o**3 + o**2. Let m = 14 + -10. Suppose 35*a + 5*a = 0. Suppose -2*y - 3*l = -a*y - 2, m*l = -3*y + 3. Give f(y).
-6
Let k(r) = r**3 - 5*r**2 + 6*r - 2. Let f(a) = 6*a**3 + 2*a**2 - a. Let j be f(1). Suppose j = -2*t - 3*z, -8*z = -3*z + 25. Give k(t).
6
Let d(c) = -3*c - 8. Let r(a) = 2*a + 8. Let u(f) = 3*d(f) + 4*r(f). Suppose -5*x = 3 - 23. Give u(x).
4
Suppose 0*b + 2*b = 5*b. Let x(r) = r - 30. Calculate x(b).
-30
Let a(b) = 12*b + 3377 - 3377. Determine a(2).
24
Let w(q) = q**2 - 5*q - 9. Suppose 2*r = 3*h - 25, -12*r + 9*r = 5*h - 29. What is w(h)?
5
Let n(t) = -t + 4. Let h be 544/(-144) - 4/18. Let z be 480/75 - h/(-10). What is n(z)?
-2
Let j be 9*(-1)/3*(-8)/(-2). Let q(s) = -s**3 - 13*s**2 - 11*s + 15. What is q(j)?
3
Suppose -9*k = -5*k + 8. Let l(t) be the third derivative of t**5/30 - t**3/3 + 167*t**2. Calculate l(k).
6
Let m = -1528 + 1527. Let f(c) = -25*c + 2. Determine f(m).
27
Suppose -2*u + 2 = -4. Let q(z) = z + 4. Let w(v) = -3*v - 9. Let b(s) = 5*q(s) + 2*w(s). What is b(u)?
-1
Let w(p) = -2*p**2 + p + 2. Let c(a) = -6*a**2 - 3*a**2 + 5 + 2*a + 4*a**2. Let k(v) = -3*c(v) + 7*w(v). Determine k(-4).
11
Suppose 3 - 66 = 9*u. Let k(g) = g**2 + 8*g + 9. Give 